{"id":19903,"date":"2026-09-01T14:02:18","date_gmt":"2026-09-01T14:02:18","guid":{"rendered":"https:\/\/www.vianailustracion.com\/?post_type=product&#038;p=19903"},"modified":"2026-09-01T14:04:18","modified_gmt":"2026-09-01T14:04:18","slug":"despues-de-la-tormenta-2","status":"publish","type":"product","link":"https:\/\/www.vianailustracion.com\/index.php\/product\/despues-de-la-tormenta-2\/","title":{"rendered":"Despu\u00e9s de la tormenta 2"},"content":{"rendered":"<p>Acuarela original con p\u00e1jaros bordados a mano en papel Hahnem\u00fchle Ed. Especial 425gr<\/p>\n<p>Tama\u00f1o: 19 x 11 cm<\/p>\n<p>Original de Viana, 2025<\/p>\n","protected":false},"excerpt":{"rendered":"<p>Acuarela original con p\u00e1jaros bordados a mano en papel Hahnem\u00fchle Ed. Especial 425gr<\/p>\n<p>Tama\u00f1o: 19 x 11 cm<\/p>\n<p>Original de Viana, 2025<\/p>\n","protected":false},"featured_media":19906,"comment_status":"open","ping_status":"closed","template":"","meta":{"_mi_skip_tracking":false},"class_list":{"0":"post-19903","1":"product","2":"type-product","3":"status-publish","4":"has-post-thumbnail","6":"product_cat-special-price","7":"entry"},"yoast_head":"<!-- This site is optimized with the Yoast SEO plugin v16.6 - https:\/\/yoast.com\/wordpress\/plugins\/seo\/ -->\n<meta name=\"robots\" content=\"index, follow, max-snippet:-1, max-image-preview:large, max-video-preview:-1\" \/>\n<link rel=\"canonical\" href=\"https:\/\/www.vianailustracion.com\/index.php\/product\/despues-de-la-tormenta-2\/\" \/>\n<meta property=\"og:locale\" content=\"es_ES\" \/>\n<meta property=\"og:type\" content=\"article\" \/>\n<meta property=\"og:title\" content=\"Despu\u00e9s de la tormenta 2 - Viana Ilustraci\u00f3n\" \/>\n<meta property=\"og:description\" content=\"Acuarela original con p\u00e1jaros bordados a mano en papel Hahnem\u00fchle Ed. Especial 425gr  Tama\u00f1o: 19 x 11 cm  Original de Viana, 2025\" \/>\n<meta property=\"og:url\" content=\"https:\/\/www.vianailustracion.com\/index.php\/product\/despues-de-la-tormenta-2\/\" \/>\n<meta property=\"og:site_name\" content=\"Viana Ilustraci\u00f3n\" \/>\n<meta property=\"article:modified_time\" content=\"2026-09-01T14:04:18+00:00\" \/>\n<meta property=\"og:image\" content=\"https:\/\/www.vianailustracion.com\/wp-content\/uploads\/2026\/09\/Despues-de-la-tormenta_WEB.jpg\" \/>\n\t<meta property=\"og:image:width\" content=\"1080\" \/>\n\t<meta property=\"og:image:height\" content=\"1080\" \/>\n<meta name=\"twitter:card\" content=\"summary_large_image\" \/>\n<script type=\"application\/ld+json\" class=\"yoast-schema-graph\">{\"@context\":\"https:\/\/schema.org\",\"@graph\":[{\"@type\":\"WebSite\",\"@id\":\"https:\/\/www.vianailustracion.com\/#website\",\"url\":\"https:\/\/www.vianailustracion.com\/\",\"name\":\"Viana Ilustraci\\u00f3n\",\"description\":\"Ilustraci\\u00f3n, dise\\u00f1o y cosas bonitas\",\"potentialAction\":[{\"@type\":\"SearchAction\",\"target\":{\"@type\":\"EntryPoint\",\"urlTemplate\":\"https:\/\/www.vianailustracion.com\/?s={search_term_string}\"},\"query-input\":\"required name=search_term_string\"}],\"inLanguage\":\"es\"},{\"@type\":\"ImageObject\",\"@id\":\"https:\/\/www.vianailustracion.com\/index.php\/product\/despues-de-la-tormenta-2\/#primaryimage\",\"inLanguage\":\"es\",\"url\":\"https:\/\/www.vianailustracion.com\/wp-content\/uploads\/2026\/09\/Despues-de-la-tormenta_WEB.jpg\",\"contentUrl\":\"https:\/\/www.vianailustracion.com\/wp-content\/uploads\/2026\/09\/Despues-de-la-tormenta_WEB.jpg\",\"width\":1080,\"height\":1080,\"caption\":\"Despu\\u00e9s de la tormenta n\\u00ba2\"},{\"@type\":\"WebPage\",\"@id\":\"https:\/\/www.vianailustracion.com\/index.php\/product\/despues-de-la-tormenta-2\/#webpage\",\"url\":\"https:\/\/www.vianailustracion.com\/index.php\/product\/despues-de-la-tormenta-2\/\",\"name\":\"Despu\\u00e9s de la tormenta 2 - Viana Ilustraci\\u00f3n\",\"isPartOf\":{\"@id\":\"https:\/\/www.vianailustracion.com\/#website\"},\"primaryImageOfPage\":{\"@id\":\"https:\/\/www.vianailustracion.com\/index.php\/product\/despues-de-la-tormenta-2\/#primaryimage\"},\"datePublished\":\"2026-09-01T14:02:18+00:00\",\"dateModified\":\"2026-09-01T14:04:18+00:00\",\"breadcrumb\":{\"@id\":\"https:\/\/www.vianailustracion.com\/index.php\/product\/despues-de-la-tormenta-2\/#breadcrumb\"},\"inLanguage\":\"es\",\"potentialAction\":[{\"@type\":\"ReadAction\",\"target\":[\"https:\/\/www.vianailustracion.com\/index.php\/product\/despues-de-la-tormenta-2\/\"]}]},{\"@type\":\"BreadcrumbList\",\"@id\":\"https:\/\/www.vianailustracion.com\/index.php\/product\/despues-de-la-tormenta-2\/#breadcrumb\",\"itemListElement\":[{\"@type\":\"ListItem\",\"position\":1,\"name\":\"Portada\",\"item\":\"https:\/\/www.vianailustracion.com\/\"},{\"@type\":\"ListItem\",\"position\":2,\"name\":\"Shop\",\"item\":\"https:\/\/www.vianailustracion.com\/index.php\/shop\/\"},{\"@type\":\"ListItem\",\"position\":3,\"name\":\"Despu\\u00e9s de la tormenta 2\"}]}]}<\/script>\n<!-- \/ Yoast SEO plugin. -->","_links":{"self":[{"href":"https:\/\/www.vianailustracion.com\/index.php\/wp-json\/wp\/v2\/product\/19903","targetHints":{"allow":["GET"]}}],"collection":[{"href":"https:\/\/www.vianailustracion.com\/index.php\/wp-json\/wp\/v2\/product"}],"about":[{"href":"https:\/\/www.vianailustracion.com\/index.php\/wp-json\/wp\/v2\/types\/product"}],"replies":[{"embeddable":true,"href":"https:\/\/www.vianailustracion.com\/index.php\/wp-json\/wp\/v2\/comments?post=19903"}],"wp:featuredmedia":[{"embeddable":true,"href":"https:\/\/www.vianailustracion.com\/index.php\/wp-json\/wp\/v2\/media\/19906"}],"wp:attachment":[{"href":"https:\/\/www.vianailustracion.com\/index.php\/wp-json\/wp\/v2\/media?parent=19903"}],"curies":[{"name":"wp","href":"https:\/\/api.w.org\/{rel}","templated":true}]}}

Después de la tormenta 2

<p>Acuarela original con pájaros bordados a mano en papel Hahnemühle Ed. Especial 425gr</p>
<p>Tamaño: 19 x 11 cm</p>
<p>Original de Viana, 2025</p>

<!-- This site is optimized with the Yoast SEO plugin v16.6 - https://yoast.com/wordpress/plugins/seo/ -->
<meta name="robots" content="index, follow, max-snippet:-1, max-image-preview:large, max-video-preview:-1" />
<link rel="canonical" href="https://www.vianailustracion.com/index.php/product/despues-de-la-tormenta-2/" />
<meta property="og:locale" content="es_ES" />
<meta property="og:type" content="article" />
<meta property="og:title" content="Después de la tormenta 2 - Viana Ilustración" />
<meta property="og:description" content="Acuarela original con pájaros bordados a mano en papel Hahnemühle Ed. Especial 425gr  Tamaño: 19 x 11 cm  Original de Viana, 2025" />
<meta property="og:url" content="https://www.vianailustracion.com/index.php/product/despues-de-la-tormenta-2/" />
<meta property="og:site_name" content="Viana Ilustración" />
<meta property="article:modified_time" content="2026-09-01T14:04:18+00:00" />
<meta property="og:image" content="https://www.vianailustracion.com/wp-content/uploads/2026/09/Despues-de-la-tormenta_WEB.jpg" />
	<meta property="og:image:width" content="1080" />
	<meta property="og:image:height" content="1080" />
<meta name="twitter:card" content="summary_large_image" />
<script type="application/ld+json" class="yoast-schema-graph">{"@context":"https://schema.org","@graph":[{"@type":"WebSite","@id":"https://www.vianailustracion.com/#website","url":"https://www.vianailustracion.com/","name":"Viana Ilustraci\u00f3n","description":"Ilustraci\u00f3n, dise\u00f1o y cosas bonitas","potentialAction":[{"@type":"SearchAction","target":{"@type":"EntryPoint","urlTemplate":"https://www.vianailustracion.com/?s={search_term_string}"},"query-input":"required name=search_term_string"}],"inLanguage":"es"},{"@type":"ImageObject","@id":"https://www.vianailustracion.com/index.php/product/despues-de-la-tormenta-2/#primaryimage","inLanguage":"es","url":"https://www.vianailustracion.com/wp-content/uploads/2026/09/Despues-de-la-tormenta_WEB.jpg","contentUrl":"https://www.vianailustracion.com/wp-content/uploads/2026/09/Despues-de-la-tormenta_WEB.jpg","width":1080,"height":1080,"caption":"Despu\u00e9s de la tormenta n\u00ba2"},{"@type":"WebPage","@id":"https://www.vianailustracion.com/index.php/product/despues-de-la-tormenta-2/#webpage","url":"https://www.vianailustracion.com/index.php/product/despues-de-la-tormenta-2/","name":"Despu\u00e9s de la tormenta 2 - Viana Ilustraci\u00f3n","isPartOf":{"@id":"https://www.vianailustracion.com/#website"},"primaryImageOfPage":{"@id":"https://www.vianailustracion.com/index.php/product/despues-de-la-tormenta-2/#primaryimage"},"datePublished":"2026-09-01T14:02:18+00:00","dateModified":"2026-09-01T14:04:18+00:00","breadcrumb":{"@id":"https://www.vianailustracion.com/index.php/product/despues-de-la-tormenta-2/#breadcrumb"},"inLanguage":"es","potentialAction":[{"@type":"ReadAction","target":["https://www.vianailustracion.com/index.php/product/despues-de-la-tormenta-2/"]}]},{"@type":"BreadcrumbList","@id":"https://www.vianailustracion.com/index.php/product/despues-de-la-tormenta-2/#breadcrumb","itemListElement":[{"@type":"ListItem","position":1,"name":"Portada","item":"https://www.vianailustracion.com/"},{"@type":"ListItem","position":2,"name":"Shop","item":"https://www.vianailustracion.com/index.php/shop/"},{"@type":"ListItem","position":3,"name":"Despu\u00e9s de la tormenta 2"}]}]}</script>
<!-- / Yoast SEO plugin. -->
