{"id":19421,"date":"2026-04-29T09:37:59","date_gmt":"2026-04-29T09:37:59","guid":{"rendered":"https:\/\/www.vianailustracion.com\/?post_type=product&#038;p=19421"},"modified":"2026-04-29T10:17:21","modified_gmt":"2026-04-29T10:17:21","slug":"fisura-diptico","status":"publish","type":"product","link":"https:\/\/www.vianailustracion.com\/index.php\/product\/fisura-diptico\/","title":{"rendered":"Fisura. D\u00edptico."},"content":{"rendered":"<p><em><strong>Fisura.<\/strong><\/em><\/p>\n<p data-start=\"12\" data-end=\"336\"><em>Las dos obras dialogan desde la idea de la herida y la reparaci\u00f3n. Cada pieza presenta una grieta abierta que atraviesa el espacio blanco. Sin embargo, en medio de esa oscuridad emerge un hilo dorado que intenta suturar la fractura, transformando el da\u00f1o en posibilidad.<\/em><\/p>\n<p data-start=\"12\" data-end=\"336\"><em><strong data-start=\"348\" data-end=\"358\">Fisura <\/strong>habla sobre las grietas emocionales, vitales y humanas que nos atraviesan. El dorado remite a la reparaci\u00f3n consciente: no oculta la herida, la se\u00f1ala y la dignifica, haciendo referencia a la filosof\u00eda del kintsugi, aquello que se rompe puede reconstruirse y volverse m\u00e1s valioso por su historia.<\/em><\/p>\n<p>Acuarela original y bordado a mano en hilo dorado sobre papel Hahnem\u00fchle grano fino de 300 gr\/m2, libre de \u00e1cido, 100% algod\u00f3n<\/p>\n<p>Tama\u00f1o: 50 x 65 cm\/ud.<\/p>\n<div class=\"woocommerce-product-details__short-description\">\n<p>Original de Viana, 2026.<\/p>\n<p>Se entrega firmado y con certificado de autor.<\/p>\n<p>Se entrega sin enmarcar.<\/p>\n<\/div>\n","protected":false},"excerpt":{"rendered":"<p><em><strong>Fisura.<\/strong><\/em><\/p>\n<p data-start=\"12\" data-end=\"336\"><em>Las dos obras dialogan desde la idea de la herida y la reparaci\u00f3n. Cada pieza presenta una grieta abierta que atraviesa el espacio blanco. Sin embargo, en medio de esa oscuridad emerge un hilo dorado que intenta suturar la fractura, transformando el da\u00f1o en posibilidad.<\/em><\/p>\n<p data-start=\"12\" data-end=\"336\"><em><strong data-start=\"348\" data-end=\"358\">Fisura <\/strong>habla sobre las grietas emocionales, vitales y humanas que nos atraviesan. El dorado remite a la reparaci\u00f3n consciente: no oculta la herida, la se\u00f1ala y la dignifica, haciendo referencia a la filosof\u00eda del kintsugi, aquello que se rompe puede reconstruirse y volverse m\u00e1s valioso por su historia.<\/em><\/p>\n<p>Acuarela original y bordado a mano en hilo dorado sobre papel Hahnem\u00fchle grano fino de 300 gr\/m2, libre de \u00e1cido, 100% algod\u00f3n<\/p>\n<p>Tama\u00f1o: 50 x 65 cm\/ud.<\/p>\n<div class=\"woocommerce-product-details__short-description\">\n<p>Original de Viana, 2026.<\/p>\n<p>Se entrega firmado y con certificado de autor.<\/p>\n<p>Se entrega sin enmarcar.<\/p>\n<\/div>\n","protected":false},"featured_media":19422,"comment_status":"open","ping_status":"closed","template":"","meta":{"_mi_skip_tracking":false},"class_list":{"0":"post-19421","1":"product","2":"type-product","3":"status-publish","4":"has-post-thumbnail","6":"product_cat-obra-original","7":"product_tag-abstracta","8":"product_tag-acuarela","9":"entry"},"yoast_head":"<!-- This site is optimized with the Yoast SEO plugin v16.6 - https:\/\/yoast.com\/wordpress\/plugins\/seo\/ -->\n<meta name=\"robots\" content=\"index, follow, max-snippet:-1, max-image-preview:large, max-video-preview:-1\" \/>\n<link rel=\"canonical\" href=\"https:\/\/www.vianailustracion.com\/index.php\/product\/fisura-diptico\/\" \/>\n<meta property=\"og:locale\" content=\"es_ES\" \/>\n<meta property=\"og:type\" content=\"article\" \/>\n<meta property=\"og:title\" content=\"Fisura. D\u00edptico. - Viana Ilustraci\u00f3n\" \/>\n<meta property=\"og:description\" content=\"Fisura. Las dos obras dialogan desde la idea de la herida y la reparaci\u00f3n. Cada pieza presenta una grieta abierta que atraviesa el espacio blanco. Sin embargo, en medio de esa oscuridad emerge un hilo dorado que intenta suturar la fractura, transformando el da\u00f1o en posibilidad. Fisura habla sobre las grietas emocionales, vitales y humanas que nos atraviesan. El dorado remite a la reparaci\u00f3n consciente: no oculta la herida, la se\u00f1ala y la dignifica, haciendo referencia a la filosof\u00eda del kintsugi, aquello que se rompe puede reconstruirse y volverse m\u00e1s valioso por su historia. Acuarela original y bordado a mano en hilo dorado sobre papel Hahnem\u00fchle grano fino de 300 gr\/m2, libre de \u00e1cido, 100% algod\u00f3n  Tama\u00f1o: 50 x 65 cm\/ud.   Original de Viana, 2026.  Se entrega firmado y con certificado de autor.  Se entrega sin enmarcar.\" \/>\n<meta property=\"og:url\" content=\"https:\/\/www.vianailustracion.com\/index.php\/product\/fisura-diptico\/\" \/>\n<meta property=\"og:site_name\" content=\"Viana Ilustraci\u00f3n\" \/>\n<meta property=\"article:modified_time\" content=\"2026-04-29T10:17:21+00:00\" \/>\n<meta property=\"og:image\" content=\"https:\/\/www.vianailustracion.com\/wp-content\/uploads\/2026\/04\/FisuraDiptico_WEB.jpg\" \/>\n\t<meta property=\"og:image:width\" content=\"1080\" \/>\n\t<meta property=\"og:image:height\" content=\"1080\" \/>\n<meta name=\"twitter:card\" content=\"summary_large_image\" \/>\n<meta name=\"twitter:label1\" content=\"Tiempo de lectura\" \/>\n\t<meta name=\"twitter:data1\" content=\"1 minuto\" \/>\n<script type=\"application\/ld+json\" class=\"yoast-schema-graph\">{\"@context\":\"https:\/\/schema.org\",\"@graph\":[{\"@type\":\"WebSite\",\"@id\":\"https:\/\/www.vianailustracion.com\/#website\",\"url\":\"https:\/\/www.vianailustracion.com\/\",\"name\":\"Viana Ilustraci\\u00f3n\",\"description\":\"Ilustraci\\u00f3n, dise\\u00f1o y cosas bonitas\",\"potentialAction\":[{\"@type\":\"SearchAction\",\"target\":{\"@type\":\"EntryPoint\",\"urlTemplate\":\"https:\/\/www.vianailustracion.com\/?s={search_term_string}\"},\"query-input\":\"required name=search_term_string\"}],\"inLanguage\":\"es\"},{\"@type\":\"ImageObject\",\"@id\":\"https:\/\/www.vianailustracion.com\/index.php\/product\/fisura-diptico\/#primaryimage\",\"inLanguage\":\"es\",\"url\":\"https:\/\/www.vianailustracion.com\/wp-content\/uploads\/2026\/04\/FisuraDiptico_WEB.jpg\",\"contentUrl\":\"https:\/\/www.vianailustracion.com\/wp-content\/uploads\/2026\/04\/FisuraDiptico_WEB.jpg\",\"width\":1080,\"height\":1080,\"caption\":\"Fisura\"},{\"@type\":\"WebPage\",\"@id\":\"https:\/\/www.vianailustracion.com\/index.php\/product\/fisura-diptico\/#webpage\",\"url\":\"https:\/\/www.vianailustracion.com\/index.php\/product\/fisura-diptico\/\",\"name\":\"Fisura. D\\u00edptico. - Viana Ilustraci\\u00f3n\",\"isPartOf\":{\"@id\":\"https:\/\/www.vianailustracion.com\/#website\"},\"primaryImageOfPage\":{\"@id\":\"https:\/\/www.vianailustracion.com\/index.php\/product\/fisura-diptico\/#primaryimage\"},\"datePublished\":\"2026-04-29T09:37:59+00:00\",\"dateModified\":\"2026-04-29T10:17:21+00:00\",\"breadcrumb\":{\"@id\":\"https:\/\/www.vianailustracion.com\/index.php\/product\/fisura-diptico\/#breadcrumb\"},\"inLanguage\":\"es\",\"potentialAction\":[{\"@type\":\"ReadAction\",\"target\":[\"https:\/\/www.vianailustracion.com\/index.php\/product\/fisura-diptico\/\"]}]},{\"@type\":\"BreadcrumbList\",\"@id\":\"https:\/\/www.vianailustracion.com\/index.php\/product\/fisura-diptico\/#breadcrumb\",\"itemListElement\":[{\"@type\":\"ListItem\",\"position\":1,\"name\":\"Portada\",\"item\":\"https:\/\/www.vianailustracion.com\/\"},{\"@type\":\"ListItem\",\"position\":2,\"name\":\"Shop\",\"item\":\"https:\/\/www.vianailustracion.com\/index.php\/shop\/\"},{\"@type\":\"ListItem\",\"position\":3,\"name\":\"Fisura. D\\u00edptico.\"}]}]}<\/script>\n<!-- \/ Yoast SEO plugin. -->","_links":{"self":[{"href":"https:\/\/www.vianailustracion.com\/index.php\/wp-json\/wp\/v2\/product\/19421","targetHints":{"allow":["GET"]}}],"collection":[{"href":"https:\/\/www.vianailustracion.com\/index.php\/wp-json\/wp\/v2\/product"}],"about":[{"href":"https:\/\/www.vianailustracion.com\/index.php\/wp-json\/wp\/v2\/types\/product"}],"replies":[{"embeddable":true,"href":"https:\/\/www.vianailustracion.com\/index.php\/wp-json\/wp\/v2\/comments?post=19421"}],"wp:featuredmedia":[{"embeddable":true,"href":"https:\/\/www.vianailustracion.com\/index.php\/wp-json\/wp\/v2\/media\/19422"}],"wp:attachment":[{"href":"https:\/\/www.vianailustracion.com\/index.php\/wp-json\/wp\/v2\/media?parent=19421"}],"curies":[{"name":"wp","href":"https:\/\/api.w.org\/{rel}","templated":true}]}}