{"id":16074,"date":"2026-01-06T09:49:48","date_gmt":"2026-01-06T09:49:48","guid":{"rendered":"https:\/\/www.vianailustracion.com\/?post_type=product&#038;p=16074"},"modified":"2026-01-07T10:07:15","modified_gmt":"2026-01-07T10:07:15","slug":"bloom-flowers-2","status":"publish","type":"product","link":"https:\/\/www.vianailustracion.com\/index.php\/product\/bloom-flowers-2\/","title":{"rendered":"Bloom Flowers #2"},"content":{"rendered":"<div class=\"woocommerce-product-details__short-description\">\n<p>Print tama\u00f1o A5 (15 x 21 cm) impresa sobre papel estucado de 350 gr. alta calidad.<\/p>\n<p>Marco no incluido.<\/p>\n<p>La ilustraci\u00f3n se env\u00eda con cart\u00f3n reforzado para te llegue en \u00f3ptimas condiciones.<\/p>\n<p>Impreso en Espa\u00f1a.<\/p>\n<p>Ilustraci\u00f3n original de Viana Ilustraci\u00f3n.<\/p>\n<\/div>\n","protected":false},"excerpt":{"rendered":"<p>Print tama\u00f1o A5 (15 x 21 cm) impresa sobre papel estucado de 350 gr. alta calidad.<\/p>\n<p>Marco no incluido.<\/p>\n<p>La ilustraci\u00f3n se env\u00eda con cart\u00f3n reforzado para te llegue en \u00f3ptimas condiciones.<\/p>\n<p>Impreso en Espa\u00f1a.<\/p>\n<p>Ilustraci\u00f3n original de Viana Ilustraci\u00f3n.<\/p>\n","protected":false},"featured_media":16073,"comment_status":"open","ping_status":"closed","template":"","meta":{"_mi_skip_tracking":false},"class_list":{"0":"post-16074","1":"product","2":"type-product","3":"status-publish","4":"has-post-thumbnail","6":"product_cat-prints","7":"product_tag-ilustracion","8":"product_tag-isla","9":"entry"},"yoast_head":"<!-- This site is optimized with the Yoast SEO plugin v16.6 - https:\/\/yoast.com\/wordpress\/plugins\/seo\/ -->\n<meta name=\"robots\" content=\"index, follow, max-snippet:-1, max-image-preview:large, max-video-preview:-1\" \/>\n<link rel=\"canonical\" href=\"https:\/\/www.vianailustracion.com\/index.php\/product\/bloom-flowers-2\/\" \/>\n<meta property=\"og:locale\" content=\"es_ES\" \/>\n<meta property=\"og:type\" content=\"article\" \/>\n<meta property=\"og:title\" content=\"Bloom Flowers #2 - Viana Ilustraci\u00f3n\" \/>\n<meta property=\"og:description\" content=\"Print tama\u00f1o A5 (15 x 21 cm) impresa sobre papel estucado de 350 gr. alta calidad.  Marco no incluido.  La ilustraci\u00f3n se env\u00eda con cart\u00f3n reforzado para te llegue en \u00f3ptimas condiciones.  Impreso en Espa\u00f1a.  Ilustraci\u00f3n original de Viana Ilustraci\u00f3n.\" \/>\n<meta property=\"og:url\" content=\"https:\/\/www.vianailustracion.com\/index.php\/product\/bloom-flowers-2\/\" \/>\n<meta property=\"og:site_name\" content=\"Viana Ilustraci\u00f3n\" \/>\n<meta property=\"article:modified_time\" content=\"2026-01-07T10:07:15+00:00\" \/>\n<meta property=\"og:image\" content=\"https:\/\/www.vianailustracion.com\/wp-content\/uploads\/2025\/04\/Flowers2_web.jpg\" \/>\n\t<meta property=\"og:image:width\" content=\"1080\" \/>\n\t<meta property=\"og:image:height\" content=\"1080\" \/>\n<meta name=\"twitter:card\" content=\"summary_large_image\" \/>\n<meta name=\"twitter:label1\" content=\"Tiempo de lectura\" \/>\n\t<meta name=\"twitter:data1\" content=\"1 minuto\" \/>\n<script type=\"application\/ld+json\" class=\"yoast-schema-graph\">{\"@context\":\"https:\/\/schema.org\",\"@graph\":[{\"@type\":\"WebSite\",\"@id\":\"https:\/\/www.vianailustracion.com\/#website\",\"url\":\"https:\/\/www.vianailustracion.com\/\",\"name\":\"Viana Ilustraci\\u00f3n\",\"description\":\"Ilustraci\\u00f3n, dise\\u00f1o y cosas bonitas\",\"potentialAction\":[{\"@type\":\"SearchAction\",\"target\":{\"@type\":\"EntryPoint\",\"urlTemplate\":\"https:\/\/www.vianailustracion.com\/?s={search_term_string}\"},\"query-input\":\"required name=search_term_string\"}],\"inLanguage\":\"es\"},{\"@type\":\"ImageObject\",\"@id\":\"https:\/\/www.vianailustracion.com\/index.php\/product\/bloom-flowers-2\/#primaryimage\",\"inLanguage\":\"es\",\"url\":\"https:\/\/www.vianailustracion.com\/wp-content\/uploads\/2025\/04\/Flowers2_web.jpg\",\"contentUrl\":\"https:\/\/www.vianailustracion.com\/wp-content\/uploads\/2025\/04\/Flowers2_web.jpg\",\"width\":1080,\"height\":1080,\"caption\":\"Flowers #2\"},{\"@type\":\"WebPage\",\"@id\":\"https:\/\/www.vianailustracion.com\/index.php\/product\/bloom-flowers-2\/#webpage\",\"url\":\"https:\/\/www.vianailustracion.com\/index.php\/product\/bloom-flowers-2\/\",\"name\":\"Bloom Flowers #2 - Viana Ilustraci\\u00f3n\",\"isPartOf\":{\"@id\":\"https:\/\/www.vianailustracion.com\/#website\"},\"primaryImageOfPage\":{\"@id\":\"https:\/\/www.vianailustracion.com\/index.php\/product\/bloom-flowers-2\/#primaryimage\"},\"datePublished\":\"2026-01-06T09:49:48+00:00\",\"dateModified\":\"2026-01-07T10:07:15+00:00\",\"breadcrumb\":{\"@id\":\"https:\/\/www.vianailustracion.com\/index.php\/product\/bloom-flowers-2\/#breadcrumb\"},\"inLanguage\":\"es\",\"potentialAction\":[{\"@type\":\"ReadAction\",\"target\":[\"https:\/\/www.vianailustracion.com\/index.php\/product\/bloom-flowers-2\/\"]}]},{\"@type\":\"BreadcrumbList\",\"@id\":\"https:\/\/www.vianailustracion.com\/index.php\/product\/bloom-flowers-2\/#breadcrumb\",\"itemListElement\":[{\"@type\":\"ListItem\",\"position\":1,\"name\":\"Portada\",\"item\":\"https:\/\/www.vianailustracion.com\/\"},{\"@type\":\"ListItem\",\"position\":2,\"name\":\"Shop\",\"item\":\"https:\/\/www.vianailustracion.com\/index.php\/shop\/\"},{\"@type\":\"ListItem\",\"position\":3,\"name\":\"Bloom Flowers #2\"}]}]}<\/script>\n<!-- \/ Yoast SEO plugin. -->","_links":{"self":[{"href":"https:\/\/www.vianailustracion.com\/index.php\/wp-json\/wp\/v2\/product\/16074","targetHints":{"allow":["GET"]}}],"collection":[{"href":"https:\/\/www.vianailustracion.com\/index.php\/wp-json\/wp\/v2\/product"}],"about":[{"href":"https:\/\/www.vianailustracion.com\/index.php\/wp-json\/wp\/v2\/types\/product"}],"replies":[{"embeddable":true,"href":"https:\/\/www.vianailustracion.com\/index.php\/wp-json\/wp\/v2\/comments?post=16074"}],"wp:featuredmedia":[{"embeddable":true,"href":"https:\/\/www.vianailustracion.com\/index.php\/wp-json\/wp\/v2\/media\/16073"}],"wp:attachment":[{"href":"https:\/\/www.vianailustracion.com\/index.php\/wp-json\/wp\/v2\/media?parent=16074"}],"curies":[{"name":"wp","href":"https:\/\/api.w.org\/{rel}","templated":true}]}}