{"id":14316,"date":"2024-07-03T05:24:48","date_gmt":"2024-07-03T05:24:48","guid":{"rendered":"https:\/\/www.vianailustracion.com\/?post_type=product&#038;p=14316"},"modified":"2025-12-08T17:16:28","modified_gmt":"2025-12-08T17:16:28","slug":"thread-will-tear-us-apart","status":"publish","type":"product","link":"https:\/\/www.vianailustracion.com\/index.php\/product\/thread-will-tear-us-apart\/","title":{"rendered":"Thread will tear us apart"},"content":{"rendered":"<div class=\"woocommerce-product-details__short-description\">Obra homenaje al dise\u00f1ador Peter Saville, quien convirti\u00f3 en arte muchas portadas de discos, la m\u00e1s ic\u00f3nica, el Unknown Pleasures de Joy Division, para la cual adapt\u00f3 la imagen de ondas de radio del pulsar PSR B1919+21 obtenidas por The Cambridge Encyclopedia of Astronomy.<\/div>\n<div><\/div>\n<div class=\"woocommerce-product-details__short-description\">\n<p>T\u00e9cnica: papel Hahnem\u00fchle Edici\u00f3n Especial 425g\/m2 y libre de \u00e1cido bordado a mano con una hebra en hilo DMC Moulin\u00e9.Tama\u00f1o: 24 x 32 cmObra original de Viana, 2024. Sin marco.<\/p>\n<p>Se entrega firmada y con Certificado de Autor.<\/p>\n<\/div>\n","protected":false},"excerpt":{"rendered":"<p>Obra homenaje al dise\u00f1ador Peter Saville, quien convirti\u00f3 en arte muchas portadas de discos, la m\u00e1s ic\u00f3nica, el Unknown Pleasures de Joy Division, para la cual adapt\u00f3 la imagen de ondas de radio del pulsar PSR B1919+21 obtenidas por The Cambridge Encyclopedia of Astronomy.<\/p>\n<p>T\u00e9cnica: papel Hahnem\u00fchle Edici\u00f3n Especial 425g\/m2 y libre de \u00e1cido bordado a mano con una hebra en hilo DMC Moulin\u00e9.<\/p>\n<p>Tama\u00f1o: 24 x 32 cm. Sin marco.<\/p>\n<p>Obra original de Viana, 2024.<\/p>\n<p>Se entrega firmada y con Certificado de Autor.<\/p>\n","protected":false},"featured_media":14326,"comment_status":"open","ping_status":"closed","template":"","meta":{"_mi_skip_tracking":false},"class_list":{"0":"post-14316","1":"product","2":"type-product","3":"status-publish","4":"has-post-thumbnail","6":"product_cat-obra-original","7":"product_tag-acuarela","8":"product_tag-original","9":"entry"},"yoast_head":"<!-- This site is optimized with the Yoast SEO plugin v16.6 - https:\/\/yoast.com\/wordpress\/plugins\/seo\/ -->\n<meta name=\"robots\" content=\"index, follow, max-snippet:-1, max-image-preview:large, max-video-preview:-1\" \/>\n<link rel=\"canonical\" href=\"https:\/\/www.vianailustracion.com\/index.php\/product\/thread-will-tear-us-apart\/\" \/>\n<meta property=\"og:locale\" content=\"es_ES\" \/>\n<meta property=\"og:type\" content=\"article\" \/>\n<meta property=\"og:title\" content=\"Thread will tear us apart - Viana Ilustraci\u00f3n\" \/>\n<meta property=\"og:description\" content=\"Obra homenaje al dise\u00f1ador Peter Saville, quien convirti\u00f3 en arte muchas portadas de discos, la m\u00e1s ic\u00f3nica, el Unknown Pleasures de Joy Division, para la cual adapt\u00f3 la imagen de ondas de radio del pulsar PSR B1919+21 obtenidas por The Cambridge Encyclopedia of Astronomy.  T\u00e9cnica: papel Hahnem\u00fchle Edici\u00f3n Especial 425g\/m2 y libre de \u00e1cido bordado a mano con una hebra en hilo DMC Moulin\u00e9.  Tama\u00f1o: 24 x 32 cm. Sin marco.  Obra original de Viana, 2024.  Se entrega firmada y con Certificado de Autor.\" \/>\n<meta property=\"og:url\" content=\"https:\/\/www.vianailustracion.com\/index.php\/product\/thread-will-tear-us-apart\/\" \/>\n<meta property=\"og:site_name\" content=\"Viana Ilustraci\u00f3n\" \/>\n<meta property=\"article:modified_time\" content=\"2025-12-08T17:16:28+00:00\" \/>\n<meta property=\"og:image\" content=\"https:\/\/www.vianailustracion.com\/wp-content\/uploads\/2024\/07\/Thread6.jpg\" \/>\n\t<meta property=\"og:image:width\" content=\"900\" \/>\n\t<meta property=\"og:image:height\" content=\"900\" \/>\n<meta name=\"twitter:card\" content=\"summary_large_image\" \/>\n<meta name=\"twitter:label1\" content=\"Tiempo de lectura\" \/>\n\t<meta name=\"twitter:data1\" content=\"1 minuto\" \/>\n<script type=\"application\/ld+json\" class=\"yoast-schema-graph\">{\"@context\":\"https:\/\/schema.org\",\"@graph\":[{\"@type\":\"WebSite\",\"@id\":\"https:\/\/www.vianailustracion.com\/#website\",\"url\":\"https:\/\/www.vianailustracion.com\/\",\"name\":\"Viana Ilustraci\\u00f3n\",\"description\":\"Ilustraci\\u00f3n, dise\\u00f1o y cosas bonitas\",\"potentialAction\":[{\"@type\":\"SearchAction\",\"target\":{\"@type\":\"EntryPoint\",\"urlTemplate\":\"https:\/\/www.vianailustracion.com\/?s={search_term_string}\"},\"query-input\":\"required name=search_term_string\"}],\"inLanguage\":\"es\"},{\"@type\":\"ImageObject\",\"@id\":\"https:\/\/www.vianailustracion.com\/index.php\/product\/thread-will-tear-us-apart\/#primaryimage\",\"inLanguage\":\"es\",\"url\":\"https:\/\/www.vianailustracion.com\/wp-content\/uploads\/2024\/07\/Thread6.jpg\",\"contentUrl\":\"https:\/\/www.vianailustracion.com\/wp-content\/uploads\/2024\/07\/Thread6.jpg\",\"width\":900,\"height\":900,\"caption\":\"Vendida\"},{\"@type\":\"WebPage\",\"@id\":\"https:\/\/www.vianailustracion.com\/index.php\/product\/thread-will-tear-us-apart\/#webpage\",\"url\":\"https:\/\/www.vianailustracion.com\/index.php\/product\/thread-will-tear-us-apart\/\",\"name\":\"Thread will tear us apart - Viana Ilustraci\\u00f3n\",\"isPartOf\":{\"@id\":\"https:\/\/www.vianailustracion.com\/#website\"},\"primaryImageOfPage\":{\"@id\":\"https:\/\/www.vianailustracion.com\/index.php\/product\/thread-will-tear-us-apart\/#primaryimage\"},\"datePublished\":\"2024-07-03T05:24:48+00:00\",\"dateModified\":\"2025-12-08T17:16:28+00:00\",\"breadcrumb\":{\"@id\":\"https:\/\/www.vianailustracion.com\/index.php\/product\/thread-will-tear-us-apart\/#breadcrumb\"},\"inLanguage\":\"es\",\"potentialAction\":[{\"@type\":\"ReadAction\",\"target\":[\"https:\/\/www.vianailustracion.com\/index.php\/product\/thread-will-tear-us-apart\/\"]}]},{\"@type\":\"BreadcrumbList\",\"@id\":\"https:\/\/www.vianailustracion.com\/index.php\/product\/thread-will-tear-us-apart\/#breadcrumb\",\"itemListElement\":[{\"@type\":\"ListItem\",\"position\":1,\"name\":\"Portada\",\"item\":\"https:\/\/www.vianailustracion.com\/\"},{\"@type\":\"ListItem\",\"position\":2,\"name\":\"Shop\",\"item\":\"https:\/\/www.vianailustracion.com\/index.php\/shop\/\"},{\"@type\":\"ListItem\",\"position\":3,\"name\":\"Thread will tear us apart\"}]}]}<\/script>\n<!-- \/ Yoast SEO plugin. -->","_links":{"self":[{"href":"https:\/\/www.vianailustracion.com\/index.php\/wp-json\/wp\/v2\/product\/14316","targetHints":{"allow":["GET"]}}],"collection":[{"href":"https:\/\/www.vianailustracion.com\/index.php\/wp-json\/wp\/v2\/product"}],"about":[{"href":"https:\/\/www.vianailustracion.com\/index.php\/wp-json\/wp\/v2\/types\/product"}],"replies":[{"embeddable":true,"href":"https:\/\/www.vianailustracion.com\/index.php\/wp-json\/wp\/v2\/comments?post=14316"}],"wp:featuredmedia":[{"embeddable":true,"href":"https:\/\/www.vianailustracion.com\/index.php\/wp-json\/wp\/v2\/media\/14326"}],"wp:attachment":[{"href":"https:\/\/www.vianailustracion.com\/index.php\/wp-json\/wp\/v2\/media?parent=14316"}],"curies":[{"name":"wp","href":"https:\/\/api.w.org\/{rel}","templated":true}]}}