{"id":6662,"date":"2019-07-11T16:50:28","date_gmt":"2019-07-11T16:50:28","guid":{"rendered":"https:\/\/www.vianailustracion.com\/?page_id=6662"},"modified":"2019-07-11T16:50:29","modified_gmt":"2019-07-11T16:50:29","slug":"pago-seguro","status":"publish","type":"page","link":"https:\/\/www.vianailustracion.com\/index.php\/pago-seguro\/","title":{"rendered":"Pago seguro"},"content":{"rendered":"\n<h3 class=\"wp-block-heading\">Tarjeta (Redsys)<\/h3>\n\n\n\n<p>Forma de pago es inmediata y segura. Al terminar tu pedido, podr\u00e1s \nhacer el pago en la p\u00e1gina del banco. Desarrollos y Productos Elcos SL \nno recibir\u00e1 ni tendr\u00e1 acceso a estos datos. Tu banco te enviar\u00e1 un \nc\u00f3digo al m\u00f3vil para finalizar&nbsp;el pago.<\/p>\n\n\n\n<h3 class=\"wp-block-heading\">PayPal<\/h3>\n\n\n\n<p>Puedes pagar con tu cuenta de PayPal o con tarjeta de credito sin ser cliente de PayPal.<\/p>\n\n\n\n<p>El pago por PayPal tiene una comisi\u00f3n de 3,4% + 0,35 EUR por transacci\u00f3n.<\/p>\n","protected":false},"excerpt":{"rendered":"<p>Tarjeta (Redsys) Forma de pago es inmediata y segura. Al terminar tu pedido, podr\u00e1s hacer el pago en la p\u00e1gina del banco. Desarrollos y Productos Elcos SL no recibir\u00e1 ni tendr\u00e1 acceso a estos datos. Tu banco te enviar\u00e1 un c\u00f3digo al m\u00f3vil para finalizar&nbsp;el pago. PayPal Puedes pagar con tu cuenta de PayPal o&#8230;<\/p>\n<p><a class=\"more-link\" href=\"https:\/\/www.vianailustracion.com\/index.php\/pago-seguro\/\">Read More <\/a><\/p>\n","protected":false},"author":1,"featured_media":0,"parent":0,"menu_order":0,"comment_status":"closed","ping_status":"closed","template":"","meta":{"_mi_skip_tracking":false,"footnotes":""},"class_list":{"0":"post-6662","1":"page","2":"type-page","3":"status-publish","5":"entry"},"yoast_head":"<!-- This site is optimized with the Yoast SEO plugin v16.6 - https:\/\/yoast.com\/wordpress\/plugins\/seo\/ -->\n<meta name=\"robots\" content=\"index, follow, max-snippet:-1, max-image-preview:large, max-video-preview:-1\" \/>\n<link rel=\"canonical\" href=\"https:\/\/www.vianailustracion.com\/index.php\/pago-seguro\/\" \/>\n<meta property=\"og:locale\" content=\"es_ES\" \/>\n<meta property=\"og:type\" content=\"article\" \/>\n<meta property=\"og:title\" content=\"Pago seguro - Viana Ilustraci\u00f3n\" \/>\n<meta property=\"og:description\" content=\"Tarjeta (Redsys) Forma de pago es inmediata y segura. Al terminar tu pedido, podr\u00e1s hacer el pago en la p\u00e1gina del banco. Desarrollos y Productos Elcos SL no recibir\u00e1 ni tendr\u00e1 acceso a estos datos. Tu banco te enviar\u00e1 un c\u00f3digo al m\u00f3vil para finalizar&nbsp;el pago. PayPal Puedes pagar con tu cuenta de PayPal o...Read More\" \/>\n<meta property=\"og:url\" content=\"https:\/\/www.vianailustracion.com\/index.php\/pago-seguro\/\" \/>\n<meta property=\"og:site_name\" content=\"Viana Ilustraci\u00f3n\" \/>\n<meta property=\"article:modified_time\" content=\"2019-07-11T16:50:29+00:00\" \/>\n<meta name=\"twitter:card\" content=\"summary_large_image\" \/>\n<script type=\"application\/ld+json\" class=\"yoast-schema-graph\">{\"@context\":\"https:\/\/schema.org\",\"@graph\":[{\"@type\":\"WebSite\",\"@id\":\"https:\/\/www.vianailustracion.com\/#website\",\"url\":\"https:\/\/www.vianailustracion.com\/\",\"name\":\"Viana Ilustraci\\u00f3n\",\"description\":\"Ilustraci\\u00f3n, dise\\u00f1o y cosas bonitas\",\"potentialAction\":[{\"@type\":\"SearchAction\",\"target\":{\"@type\":\"EntryPoint\",\"urlTemplate\":\"https:\/\/www.vianailustracion.com\/?s={search_term_string}\"},\"query-input\":\"required name=search_term_string\"}],\"inLanguage\":\"es\"},{\"@type\":\"WebPage\",\"@id\":\"https:\/\/www.vianailustracion.com\/index.php\/pago-seguro\/#webpage\",\"url\":\"https:\/\/www.vianailustracion.com\/index.php\/pago-seguro\/\",\"name\":\"Pago seguro - Viana Ilustraci\\u00f3n\",\"isPartOf\":{\"@id\":\"https:\/\/www.vianailustracion.com\/#website\"},\"datePublished\":\"2019-07-11T16:50:28+00:00\",\"dateModified\":\"2019-07-11T16:50:29+00:00\",\"breadcrumb\":{\"@id\":\"https:\/\/www.vianailustracion.com\/index.php\/pago-seguro\/#breadcrumb\"},\"inLanguage\":\"es\",\"potentialAction\":[{\"@type\":\"ReadAction\",\"target\":[\"https:\/\/www.vianailustracion.com\/index.php\/pago-seguro\/\"]}]},{\"@type\":\"BreadcrumbList\",\"@id\":\"https:\/\/www.vianailustracion.com\/index.php\/pago-seguro\/#breadcrumb\",\"itemListElement\":[{\"@type\":\"ListItem\",\"position\":1,\"name\":\"Portada\",\"item\":\"https:\/\/www.vianailustracion.com\/\"},{\"@type\":\"ListItem\",\"position\":2,\"name\":\"Pago seguro\"}]}]}<\/script>\n<!-- \/ Yoast SEO plugin. -->","_links":{"self":[{"href":"https:\/\/www.vianailustracion.com\/index.php\/wp-json\/wp\/v2\/pages\/6662","targetHints":{"allow":["GET"]}}],"collection":[{"href":"https:\/\/www.vianailustracion.com\/index.php\/wp-json\/wp\/v2\/pages"}],"about":[{"href":"https:\/\/www.vianailustracion.com\/index.php\/wp-json\/wp\/v2\/types\/page"}],"author":[{"embeddable":true,"href":"https:\/\/www.vianailustracion.com\/index.php\/wp-json\/wp\/v2\/users\/1"}],"replies":[{"embeddable":true,"href":"https:\/\/www.vianailustracion.com\/index.php\/wp-json\/wp\/v2\/comments?post=6662"}],"version-history":[{"count":1,"href":"https:\/\/www.vianailustracion.com\/index.php\/wp-json\/wp\/v2\/pages\/6662\/revisions"}],"predecessor-version":[{"id":6663,"href":"https:\/\/www.vianailustracion.com\/index.php\/wp-json\/wp\/v2\/pages\/6662\/revisions\/6663"}],"wp:attachment":[{"href":"https:\/\/www.vianailustracion.com\/index.php\/wp-json\/wp\/v2\/media?parent=6662"}],"curies":[{"name":"wp","href":"https:\/\/api.w.org\/{rel}","templated":true}]}}